{"id":4675,"date":"2020-10-09T08:29:21","date_gmt":"2020-10-09T08:29:21","guid":{"rendered":"https:\/\/www.clarin.si\/info\/?page_id=4675"},"modified":"2020-10-09T08:32:10","modified_gmt":"2020-10-09T08:32:10","slug":"pogosta-vprasanja-o-jezikovnih-virih-in-tehnologijah-za-makedonscino","status":"publish","type":"page","link":"https:\/\/www.clarin.si\/info\/k-center\/pogosta-vprasanja-o-jezikovnih-virih-in-tehnologijah-za-makedonscino\/","title":{"rendered":"Pogosta vpra\u0161anja o jezikovnih virih in tehnologijah za makedon\u0161\u010dino"},"content":{"rendered":"<p>Pogosta vpra\u0161anja o jezikovnih virih in tehnologijah z odgovori za makedon\u0161\u010dino so na voljo v angle\u0161\u010dini na <a href=\"\/info\/k-centre\/faq4macedonian\/\">tej povezavi<\/a>. Za druga povezana vpra\u0161anja pi\u0161ite na <a href=\"mailto:helpdesk.classla@clarin.si?subject=FAQ_Macedonian\">helpdesk.classla@clarin.si<\/a> z zadevo &#8220;FAQ_Macedonian&#8221;.<\/p>\n<div id=\"themify_builder_content-4675\" data-postid=\"4675\" class=\"themify_builder_content themify_builder_content-4675 themify_builder\">\n    <\/div>\n<!-- \/themify_builder_content -->\n","protected":false},"excerpt":{"rendered":"<p>Pogosta vpra\u0161anja o jezikovnih virih in tehnologijah z odgovori za makedon\u0161\u010dino so na voljo v angle\u0161\u010dini na tej povezavi. Za druga povezana vpra\u0161anja pi\u0161ite na helpdesk.classla@clarin.si z zadevo &#8220;FAQ_Macedonian&#8221;.<\/p>\n","protected":false},"author":12,"featured_media":0,"parent":3834,"menu_order":0,"comment_status":"closed","ping_status":"closed","template":"","meta":{"footnotes":""},"class_list":["post-4675","page","type-page","status-publish","hentry","has-post-title","has-post-date","has-post-category","has-post-tag","has-post-comment","has-post-author",""],"_links":{"self":[{"href":"https:\/\/www.clarin.si\/info\/wp-json\/wp\/v2\/pages\/4675","targetHints":{"allow":["GET"]}}],"collection":[{"href":"https:\/\/www.clarin.si\/info\/wp-json\/wp\/v2\/pages"}],"about":[{"href":"https:\/\/www.clarin.si\/info\/wp-json\/wp\/v2\/types\/page"}],"author":[{"embeddable":true,"href":"https:\/\/www.clarin.si\/info\/wp-json\/wp\/v2\/users\/12"}],"replies":[{"embeddable":true,"href":"https:\/\/www.clarin.si\/info\/wp-json\/wp\/v2\/comments?post=4675"}],"version-history":[{"count":4,"href":"https:\/\/www.clarin.si\/info\/wp-json\/wp\/v2\/pages\/4675\/revisions"}],"predecessor-version":[{"id":4681,"href":"https:\/\/www.clarin.si\/info\/wp-json\/wp\/v2\/pages\/4675\/revisions\/4681"}],"up":[{"embeddable":true,"href":"https:\/\/www.clarin.si\/info\/wp-json\/wp\/v2\/pages\/3834"}],"wp:attachment":[{"href":"https:\/\/www.clarin.si\/info\/wp-json\/wp\/v2\/media?parent=4675"}],"curies":[{"name":"wp","href":"https:\/\/api.w.org\/{rel}","templated":true}]}}